{"id":508,"date":"2025-08-16T15:29:54","date_gmt":"2025-08-16T13:29:54","guid":{"rendered":"https:\/\/xavier-montoy.com\/?page_id=508"},"modified":"2025-08-16T15:39:23","modified_gmt":"2025-08-16T13:39:23","slug":"champ-de-bataille","status":"publish","type":"page","link":"https:\/\/xavier-montoy.com\/index.php\/champ-de-bataille\/","title":{"rendered":"Champ de bataille"},"content":{"rendered":"\n<div class=\"wp-block-group alignfull has-background has-global-padding is-layout-constrained wp-block-group-is-layout-constrained\" style=\"background-color:#000000\">\n<div class=\"wp-block-columns alignfull has-background is-layout-flex wp-container-core-columns-is-layout-9c22b1e3 wp-block-columns-is-layout-flex\" style=\"background-color:#000000\">\n<div class=\"wp-block-column is-layout-flow wp-block-column-is-layout-flow\" style=\"flex-basis:55%\">\n<figure class=\"wp-block-image size-full\"><img loading=\"lazy\" decoding=\"async\" width=\"1274\" height=\"1592\" src=\"https:\/\/xavier-montoy.com\/wp-content\/uploads\/2025\/08\/Champ_de_Bataille_Atelier_George_Xavier_Montoy_2_BD-48.jpg\" alt=\"\" class=\"wp-image-520\" srcset=\"https:\/\/xavier-montoy.com\/wp-content\/uploads\/2025\/08\/Champ_de_Bataille_Atelier_George_Xavier_Montoy_2_BD-48.jpg 1274w, https:\/\/xavier-montoy.com\/wp-content\/uploads\/2025\/08\/Champ_de_Bataille_Atelier_George_Xavier_Montoy_2_BD-48-240x300.jpg 240w, https:\/\/xavier-montoy.com\/wp-content\/uploads\/2025\/08\/Champ_de_Bataille_Atelier_George_Xavier_Montoy_2_BD-48-819x1024.jpg 819w, https:\/\/xavier-montoy.com\/wp-content\/uploads\/2025\/08\/Champ_de_Bataille_Atelier_George_Xavier_Montoy_2_BD-48-768x960.jpg 768w, https:\/\/xavier-montoy.com\/wp-content\/uploads\/2025\/08\/Champ_de_Bataille_Atelier_George_Xavier_Montoy_2_BD-48-1229x1536.jpg 1229w\" sizes=\"auto, (max-width: 1274px) 100vw, 1274px\" \/><\/figure>\n<\/div>\n\n\n\n<div class=\"wp-block-column is-vertically-aligned-top is-layout-flow wp-block-column-is-layout-flow\" style=\"padding-top:var(--wp--preset--spacing--60);padding-right:var(--wp--preset--spacing--60);padding-bottom:var(--wp--preset--spacing--60);padding-left:var(--wp--preset--spacing--60)\">\n<h2 class=\"wp-block-heading has-text-align-center has-xx-large-font-size\">Champ de bataille<\/h2>\n\n\n\n<p style=\"text-transform:none\"><em><em><strong><em><em>Jeu d&#8217;\u00e9chec immortalisant par typologies de pouvoir les esp\u00e8ces v\u00e9g\u00e9tales d&#8217;un milieu. \u00c9lectrod\u00e9position de cuivre sur plantes et gramin\u00e9es, plateau et couleurs de verre souffl\u00e9, acier h\u00e9matite.<\/em><\/em><\/strong><\/em><\/em><\/p>\n\n\n\n<p><a href=\"https:\/\/www.atelier-george.fr\/\" data-type=\"link\" data-id=\"https:\/\/www.atelier-george.fr\/\" target=\"_blank\" rel=\"noreferrer noopener\">Projet \u00e0 quatre mains avec\u00a0Atelier George<\/a><\/p>\n\n\n\n<p class=\"has-medium-font-size\" style=\"padding-top:var(--wp--preset--spacing--20);padding-bottom:var(--wp--preset--spacing--20);text-transform:none\">Nous avons op\u00e9r\u00e9 une gradation des fleurs et des pousses. Une plus belle. Une plus forte. Une plus imposante.<br>Les gramin\u00e9es, en rang d\u2019oignons, ironie du champ, deviennent les Pions. Les nigelles de Damas prennent la place des cr\u00e9neaux aux quatre coins de l\u2019\u00e9chiquier. <\/p>\n\n\n\n<p class=\"has-medium-font-size\" style=\"padding-top:var(--wp--preset--spacing--20);padding-bottom:var(--wp--preset--spacing--20);text-transform:none\">Il faut \u00eatre joueur pour tisser le parall\u00e8le des ombellif\u00e8res et du Cavalier, dont le champ de mouvement et de saut est tentaculaire. Un bras de poac\u00e9e digitaria, la trompe d\u2019alfin, le doigt de la main, le fou du roi.<br>Les grappes de lierre, s\u2019infiltrant par toutes murailles, forment les couronnes des Reines.<br>Les bois des Rois surplombent la plaine.<br>C\u2019est un jeu qui se joue du cycle du vivant. Une d\u00e9cision est prise. Ses cons\u00e9quences anticip\u00e9es. Avec trois, parfois quatre coups d\u2019avance.<br>La nature \u00e9volue, le champ devient bataille, la moisson arrive.<\/p>\n<\/div>\n<\/div>\n\n\n\n<hr class=\"wp-block-separator alignfull has-alpha-channel-opacity\"\/>\n\n\n\n<div class=\"wp-block-jetpack-slideshow aligncenter\" data-effect=\"slide\" style=\"--aspect-ratio:calc(819 \/ 1024)\"><div class=\"wp-block-jetpack-slideshow_container swiper-container\"><ul class=\"wp-block-jetpack-slideshow_swiper-wrapper swiper-wrapper\"><li class=\"wp-block-jetpack-slideshow_slide swiper-slide\"><figure><img loading=\"lazy\" decoding=\"async\" width=\"819\" height=\"1024\" alt=\"\" class=\"wp-block-jetpack-slideshow_image wp-image-520\" data-id=\"520\" data-aspect-ratio=\"819 \/ 1024\" src=\"https:\/\/xavier-montoy.com\/wp-content\/uploads\/2025\/08\/Champ_de_Bataille_Atelier_George_Xavier_Montoy_2_BD-48-819x1024.jpg\" srcset=\"https:\/\/xavier-montoy.com\/wp-content\/uploads\/2025\/08\/Champ_de_Bataille_Atelier_George_Xavier_Montoy_2_BD-48-819x1024.jpg 819w, https:\/\/xavier-montoy.com\/wp-content\/uploads\/2025\/08\/Champ_de_Bataille_Atelier_George_Xavier_Montoy_2_BD-48-240x300.jpg 240w, https:\/\/xavier-montoy.com\/wp-content\/uploads\/2025\/08\/Champ_de_Bataille_Atelier_George_Xavier_Montoy_2_BD-48-768x960.jpg 768w, https:\/\/xavier-montoy.com\/wp-content\/uploads\/2025\/08\/Champ_de_Bataille_Atelier_George_Xavier_Montoy_2_BD-48-1229x1536.jpg 1229w, https:\/\/xavier-montoy.com\/wp-content\/uploads\/2025\/08\/Champ_de_Bataille_Atelier_George_Xavier_Montoy_2_BD-48.jpg 1274w\" sizes=\"auto, (max-width: 819px) 100vw, 819px\" \/><\/figure><\/li><li class=\"wp-block-jetpack-slideshow_slide swiper-slide\"><figure><img loading=\"lazy\" decoding=\"async\" width=\"1024\" height=\"1024\" alt=\"\" class=\"wp-block-jetpack-slideshow_image wp-image-513\" data-id=\"513\" data-aspect-ratio=\"1024 \/ 1024\" src=\"https:\/\/xavier-montoy.com\/wp-content\/uploads\/2025\/08\/2-Champ_de_Bataille_Atelier_George_Xavier_Montoy_9_BD-carre-1024x1024.jpg\" srcset=\"https:\/\/xavier-montoy.com\/wp-content\/uploads\/2025\/08\/2-Champ_de_Bataille_Atelier_George_Xavier_Montoy_9_BD-carre-1024x1024.jpg 1024w, https:\/\/xavier-montoy.com\/wp-content\/uploads\/2025\/08\/2-Champ_de_Bataille_Atelier_George_Xavier_Montoy_9_BD-carre-300x300.jpg 300w, https:\/\/xavier-montoy.com\/wp-content\/uploads\/2025\/08\/2-Champ_de_Bataille_Atelier_George_Xavier_Montoy_9_BD-carre-150x150.jpg 150w, https:\/\/xavier-montoy.com\/wp-content\/uploads\/2025\/08\/2-Champ_de_Bataille_Atelier_George_Xavier_Montoy_9_BD-carre-768x768.jpg 768w, https:\/\/xavier-montoy.com\/wp-content\/uploads\/2025\/08\/2-Champ_de_Bataille_Atelier_George_Xavier_Montoy_9_BD-carre.jpg 1272w\" sizes=\"auto, (max-width: 1024px) 100vw, 1024px\" \/><\/figure><\/li><li class=\"wp-block-jetpack-slideshow_slide swiper-slide\"><figure><img loading=\"lazy\" decoding=\"async\" width=\"1024\" height=\"1024\" alt=\"\" class=\"wp-block-jetpack-slideshow_image wp-image-512\" data-id=\"512\" data-aspect-ratio=\"1024 \/ 1024\" src=\"https:\/\/xavier-montoy.com\/wp-content\/uploads\/2025\/08\/1-Champ_de_Bataille_Atelier_George_Xavier_Montoy_detail-copie-1024x1024.jpg\" srcset=\"https:\/\/xavier-montoy.com\/wp-content\/uploads\/2025\/08\/1-Champ_de_Bataille_Atelier_George_Xavier_Montoy_detail-copie-1024x1024.jpg 1024w, https:\/\/xavier-montoy.com\/wp-content\/uploads\/2025\/08\/1-Champ_de_Bataille_Atelier_George_Xavier_Montoy_detail-copie-300x300.jpg 300w, https:\/\/xavier-montoy.com\/wp-content\/uploads\/2025\/08\/1-Champ_de_Bataille_Atelier_George_Xavier_Montoy_detail-copie-150x150.jpg 150w, https:\/\/xavier-montoy.com\/wp-content\/uploads\/2025\/08\/1-Champ_de_Bataille_Atelier_George_Xavier_Montoy_detail-copie-768x768.jpg 768w, https:\/\/xavier-montoy.com\/wp-content\/uploads\/2025\/08\/1-Champ_de_Bataille_Atelier_George_Xavier_Montoy_detail-copie.jpg 1200w\" sizes=\"auto, (max-width: 1024px) 100vw, 1024px\" \/><\/figure><\/li><li class=\"wp-block-jetpack-slideshow_slide swiper-slide\"><figure><img loading=\"lazy\" decoding=\"async\" width=\"1024\" height=\"1024\" alt=\"\" class=\"wp-block-jetpack-slideshow_image wp-image-511\" data-id=\"511\" data-aspect-ratio=\"1024 \/ 1024\" src=\"https:\/\/xavier-montoy.com\/wp-content\/uploads\/2025\/08\/1-Champ_de_Bataille_Atelier_George_Xavier_Montoy_carre-copie-2-1024x1024.jpg\" srcset=\"https:\/\/xavier-montoy.com\/wp-content\/uploads\/2025\/08\/1-Champ_de_Bataille_Atelier_George_Xavier_Montoy_carre-copie-2-1024x1024.jpg 1024w, https:\/\/xavier-montoy.com\/wp-content\/uploads\/2025\/08\/1-Champ_de_Bataille_Atelier_George_Xavier_Montoy_carre-copie-2-300x300.jpg 300w, https:\/\/xavier-montoy.com\/wp-content\/uploads\/2025\/08\/1-Champ_de_Bataille_Atelier_George_Xavier_Montoy_carre-copie-2-150x150.jpg 150w, https:\/\/xavier-montoy.com\/wp-content\/uploads\/2025\/08\/1-Champ_de_Bataille_Atelier_George_Xavier_Montoy_carre-copie-2-768x768.jpg 768w, https:\/\/xavier-montoy.com\/wp-content\/uploads\/2025\/08\/1-Champ_de_Bataille_Atelier_George_Xavier_Montoy_carre-copie-2-1536x1536.jpg 1536w, https:\/\/xavier-montoy.com\/wp-content\/uploads\/2025\/08\/1-Champ_de_Bataille_Atelier_George_Xavier_Montoy_carre-copie-2.jpg 1920w\" sizes=\"auto, (max-width: 1024px) 100vw, 1024px\" \/><\/figure><\/li><li class=\"wp-block-jetpack-slideshow_slide swiper-slide\"><figure><img loading=\"lazy\" decoding=\"async\" width=\"683\" height=\"1024\" alt=\"\" class=\"wp-block-jetpack-slideshow_image wp-image-516\" data-id=\"516\" data-aspect-ratio=\"683 \/ 1024\" src=\"https:\/\/xavier-montoy.com\/wp-content\/uploads\/2025\/08\/Fou-Zoom-Xavier_Montoy_X_Atelier_George_FOU.2-683x1024.jpg\" srcset=\"https:\/\/xavier-montoy.com\/wp-content\/uploads\/2025\/08\/Fou-Zoom-Xavier_Montoy_X_Atelier_George_FOU.2-683x1024.jpg 683w, https:\/\/xavier-montoy.com\/wp-content\/uploads\/2025\/08\/Fou-Zoom-Xavier_Montoy_X_Atelier_George_FOU.2-200x300.jpg 200w, https:\/\/xavier-montoy.com\/wp-content\/uploads\/2025\/08\/Fou-Zoom-Xavier_Montoy_X_Atelier_George_FOU.2-768x1152.jpg 768w, https:\/\/xavier-montoy.com\/wp-content\/uploads\/2025\/08\/Fou-Zoom-Xavier_Montoy_X_Atelier_George_FOU.2-1024x1536.jpg 1024w, https:\/\/xavier-montoy.com\/wp-content\/uploads\/2025\/08\/Fou-Zoom-Xavier_Montoy_X_Atelier_George_FOU.2.jpg 1280w\" sizes=\"auto, (max-width: 683px) 100vw, 683px\" \/><\/figure><\/li><li class=\"wp-block-jetpack-slideshow_slide swiper-slide\"><figure><img loading=\"lazy\" decoding=\"async\" width=\"678\" height=\"1024\" alt=\"\" class=\"wp-block-jetpack-slideshow_image wp-image-518\" data-id=\"518\" data-aspect-ratio=\"678 \/ 1024\" src=\"https:\/\/xavier-montoy.com\/wp-content\/uploads\/2025\/08\/Dame-Xavier_Montoy_x_AtelierGeorge3-copie-678x1024.jpg\" srcset=\"https:\/\/xavier-montoy.com\/wp-content\/uploads\/2025\/08\/Dame-Xavier_Montoy_x_AtelierGeorge3-copie-678x1024.jpg 678w, https:\/\/xavier-montoy.com\/wp-content\/uploads\/2025\/08\/Dame-Xavier_Montoy_x_AtelierGeorge3-copie-199x300.jpg 199w, https:\/\/xavier-montoy.com\/wp-content\/uploads\/2025\/08\/Dame-Xavier_Montoy_x_AtelierGeorge3-copie-768x1159.jpg 768w, https:\/\/xavier-montoy.com\/wp-content\/uploads\/2025\/08\/Dame-Xavier_Montoy_x_AtelierGeorge3-copie-1018x1536.jpg 1018w, https:\/\/xavier-montoy.com\/wp-content\/uploads\/2025\/08\/Dame-Xavier_Montoy_x_AtelierGeorge3-copie.jpg 1272w\" sizes=\"auto, (max-width: 678px) 100vw, 678px\" \/><\/figure><\/li><li class=\"wp-block-jetpack-slideshow_slide swiper-slide\"><figure><img loading=\"lazy\" decoding=\"async\" width=\"678\" height=\"1024\" alt=\"\" class=\"wp-block-jetpack-slideshow_image wp-image-515\" data-id=\"515\" data-aspect-ratio=\"678 \/ 1024\" src=\"https:\/\/xavier-montoy.com\/wp-content\/uploads\/2025\/08\/Roi-Xavier_Montoy_X_Atelier_George_ROI.2-678x1024.jpg\" srcset=\"https:\/\/xavier-montoy.com\/wp-content\/uploads\/2025\/08\/Roi-Xavier_Montoy_X_Atelier_George_ROI.2-678x1024.jpg 678w, https:\/\/xavier-montoy.com\/wp-content\/uploads\/2025\/08\/Roi-Xavier_Montoy_X_Atelier_George_ROI.2-199x300.jpg 199w, https:\/\/xavier-montoy.com\/wp-content\/uploads\/2025\/08\/Roi-Xavier_Montoy_X_Atelier_George_ROI.2-768x1160.jpg 768w, https:\/\/xavier-montoy.com\/wp-content\/uploads\/2025\/08\/Roi-Xavier_Montoy_X_Atelier_George_ROI.2-1017x1536.jpg 1017w, https:\/\/xavier-montoy.com\/wp-content\/uploads\/2025\/08\/Roi-Xavier_Montoy_X_Atelier_George_ROI.2.jpg 1258w\" sizes=\"auto, (max-width: 678px) 100vw, 678px\" \/><\/figure><\/li><li class=\"wp-block-jetpack-slideshow_slide swiper-slide\"><figure><img loading=\"lazy\" decoding=\"async\" width=\"678\" height=\"1024\" alt=\"\" class=\"wp-block-jetpack-slideshow_image wp-image-517\" data-id=\"517\" data-aspect-ratio=\"678 \/ 1024\" src=\"https:\/\/xavier-montoy.com\/wp-content\/uploads\/2025\/08\/Pion-Xavier_Montoy_x_AtelierGeorge-copie-678x1024.jpg\" srcset=\"https:\/\/xavier-montoy.com\/wp-content\/uploads\/2025\/08\/Pion-Xavier_Montoy_x_AtelierGeorge-copie-678x1024.jpg 678w, https:\/\/xavier-montoy.com\/wp-content\/uploads\/2025\/08\/Pion-Xavier_Montoy_x_AtelierGeorge-copie-199x300.jpg 199w, https:\/\/xavier-montoy.com\/wp-content\/uploads\/2025\/08\/Pion-Xavier_Montoy_x_AtelierGeorge-copie-768x1159.jpg 768w, https:\/\/xavier-montoy.com\/wp-content\/uploads\/2025\/08\/Pion-Xavier_Montoy_x_AtelierGeorge-copie-1018x1536.jpg 1018w, https:\/\/xavier-montoy.com\/wp-content\/uploads\/2025\/08\/Pion-Xavier_Montoy_x_AtelierGeorge-copie.jpg 1272w\" sizes=\"auto, (max-width: 678px) 100vw, 678px\" \/><\/figure><\/li><\/ul><a class=\"wp-block-jetpack-slideshow_button-prev swiper-button-prev swiper-button-white\" role=\"button\"><\/a><a class=\"wp-block-jetpack-slideshow_button-next swiper-button-next swiper-button-white\" role=\"button\"><\/a><a aria-label=\"Pause Slideshow\" class=\"wp-block-jetpack-slideshow_button-pause\" role=\"button\"><\/a><div class=\"wp-block-jetpack-slideshow_pagination swiper-pagination swiper-pagination-white\"><\/div><\/div><\/div>\n\n\n\n<div class=\"wp-block-columns alignfull has-background is-layout-flex wp-container-core-columns-is-layout-28f84493 wp-block-columns-is-layout-flex\" style=\"background-color:#000000\">\n<div class=\"wp-block-column is-layout-flow wp-block-column-is-layout-flow\" style=\"flex-basis:33.34%\"><\/div>\n\n\n\n<div class=\"wp-block-column is-layout-flow wp-block-column-is-layout-flow\" style=\"flex-basis:33.33%\"><\/div>\n\n\n\n<div class=\"wp-block-column is-layout-flow wp-block-column-is-layout-flow\" style=\"flex-basis:33.33%\"><\/div>\n<\/div>\n\n\n\n<div class=\"wp-block-group alignfull has-background has-global-padding is-layout-constrained wp-block-group-is-layout-constrained\" style=\"background-color:#000000;margin-top:0;margin-bottom:0\"><\/div>\n\n\n\n<p class=\"has-background\" style=\"background-color:#000000\"><\/p>\n<\/div>\n","protected":false},"excerpt":{"rendered":"<p>Champ de bataille Jeu d&#8217;\u00e9chec immortalisant par typologies de pouvoir les esp\u00e8ces v\u00e9g\u00e9tales d&#8217;un milieu. \u00c9lectrod\u00e9position de cuivre sur plantes et gramin\u00e9es, plateau et couleurs de verre souffl\u00e9, acier h\u00e9matite. Projet \u00e0 quatre mains avec\u00a0Atelier George Nous avons op\u00e9r\u00e9 une gradation des fleurs et des pousses. Une plus belle. Une plus forte. Une plus imposante.Les [&hellip;]<\/p>\n","protected":false},"author":1,"featured_media":0,"parent":0,"menu_order":0,"comment_status":"closed","ping_status":"closed","template":"","meta":{"footnotes":""},"class_list":["post-508","page","type-page","status-publish","hentry"],"jetpack_sharing_enabled":true,"_links":{"self":[{"href":"https:\/\/xavier-montoy.com\/index.php\/wp-json\/wp\/v2\/pages\/508","targetHints":{"allow":["GET"]}}],"collection":[{"href":"https:\/\/xavier-montoy.com\/index.php\/wp-json\/wp\/v2\/pages"}],"about":[{"href":"https:\/\/xavier-montoy.com\/index.php\/wp-json\/wp\/v2\/types\/page"}],"author":[{"embeddable":true,"href":"https:\/\/xavier-montoy.com\/index.php\/wp-json\/wp\/v2\/users\/1"}],"replies":[{"embeddable":true,"href":"https:\/\/xavier-montoy.com\/index.php\/wp-json\/wp\/v2\/comments?post=508"}],"version-history":[{"count":2,"href":"https:\/\/xavier-montoy.com\/index.php\/wp-json\/wp\/v2\/pages\/508\/revisions"}],"predecessor-version":[{"id":521,"href":"https:\/\/xavier-montoy.com\/index.php\/wp-json\/wp\/v2\/pages\/508\/revisions\/521"}],"wp:attachment":[{"href":"https:\/\/xavier-montoy.com\/index.php\/wp-json\/wp\/v2\/media?parent=508"}],"curies":[{"name":"wp","href":"https:\/\/api.w.org\/{rel}","templated":true}]}}