{"id":487,"date":"2025-08-13T19:20:40","date_gmt":"2025-08-13T17:20:40","guid":{"rendered":"https:\/\/xavier-montoy.com\/?page_id=487"},"modified":"2025-08-14T17:06:08","modified_gmt":"2025-08-14T15:06:08","slug":"kado","status":"publish","type":"page","link":"https:\/\/xavier-montoy.com\/index.php\/kado\/","title":{"rendered":"Kado"},"content":{"rendered":"\n<div class=\"wp-block-group alignfull has-contrast-background-color has-background is-vertical is-layout-flex wp-container-core-group-is-layout-e1300cac wp-block-group-is-layout-flex\">\n<div class=\"wp-block-columns alignfull has-base-color has-contrast-background-color has-text-color has-background has-link-color wp-elements-d39468b90b8dfc956f3c08414577fad1 is-layout-flex wp-container-core-columns-is-layout-9c22b1e3 wp-block-columns-is-layout-flex\">\n<div class=\"wp-block-column is-layout-flow wp-block-column-is-layout-flow\" style=\"padding-right:0;padding-left:0;flex-basis:55%\">\n<figure class=\"wp-block-image size-full\" style=\"margin-top:var(--wp--preset--spacing--50);margin-right:var(--wp--preset--spacing--50);margin-bottom:var(--wp--preset--spacing--50);margin-left:var(--wp--preset--spacing--50)\"><img loading=\"lazy\" decoding=\"async\" width=\"1080\" height=\"1350\" src=\"https:\/\/xavier-montoy.com\/wp-content\/uploads\/2025\/08\/bouquetlou2-copie-1.jpg\" alt=\"\" class=\"wp-image-500\" srcset=\"https:\/\/xavier-montoy.com\/wp-content\/uploads\/2025\/08\/bouquetlou2-copie-1.jpg 1080w, https:\/\/xavier-montoy.com\/wp-content\/uploads\/2025\/08\/bouquetlou2-copie-1-240x300.jpg 240w, https:\/\/xavier-montoy.com\/wp-content\/uploads\/2025\/08\/bouquetlou2-copie-1-819x1024.jpg 819w, https:\/\/xavier-montoy.com\/wp-content\/uploads\/2025\/08\/bouquetlou2-copie-1-768x960.jpg 768w\" sizes=\"auto, (max-width: 1080px) 100vw, 1080px\" \/><\/figure>\n<\/div>\n\n\n\n<div class=\"wp-block-column is-vertically-aligned-top is-layout-flow wp-block-column-is-layout-flow\" style=\"padding-top:var(--wp--preset--spacing--60);padding-right:var(--wp--preset--spacing--60);padding-bottom:var(--wp--preset--spacing--60);padding-left:var(--wp--preset--spacing--60)\">\n<h2 class=\"wp-block-heading has-text-align-center has-xx-large-font-size\">Kad\u014d<\/h2>\n\n\n\n<p style=\"text-transform:none\"><em><em><em><em>Sculptures miniatures inspir\u00e9es de l&#8217;art de l&#8217;Ikebana, compos\u00e9es de bouquets \u00e9ternels, dans des r\u00e9ceptacles de laiton<\/em>.<\/em><\/em><\/em><\/p>\n\n\n\n<p class=\"has-medium-font-size\" style=\"padding-top:var(--wp--preset--spacing--20);padding-bottom:var(--wp--preset--spacing--20);text-transform:none\">En extr\u00eame orient, &#8220;la voie des fleurs&#8221; s&#8217;exprime selon un symbolisme pr\u00e9cis traduisant notamment la pr\u00e9sence de l&#8217;humain, de ciel et de la terre, au sein d&#8217;une composition pure.<br><br>T\u00e9moins du d\u00e9s\u00e9quilibre de ces \u00e9l\u00e9ments, ces bouquets minuscules et immuables sont fa\u00e7onn\u00e9s en exutoire face \u00e0 ce sentiment d&#8217;impuissance.<br><br>Ils expriment l&#8217;ampleur des sentiments humains qui guident nos actes, parfois difficiles \u00e0 assumer dans ce contexte de crise environnementale. Ainsi condens\u00e9s, l&#8217;ambition pos\u00e9e sur ces objets serait que leur vision quotidienne influence notre ambition \u00e0 pr\u00e9server la beaut\u00e9 v\u00e9g\u00e9tale.<\/p>\n<\/div>\n<\/div>\n\n\n\n<div class=\"wp-block-columns alignfull has-contrast-background-color has-background is-layout-flex wp-container-core-columns-is-layout-28f84493 wp-block-columns-is-layout-flex\">\n<div class=\"wp-block-column is-layout-flow wp-block-column-is-layout-flow\">\n<figure class=\"wp-block-gallery alignfull has-nested-images columns-3 is-cropped has-border-color has-accent-6-border-color has-contrast-background-color has-background wp-block-gallery-1 is-layout-flex wp-block-gallery-is-layout-flex\" style=\"margin-right:var(--wp--preset--spacing--40);margin-left:var(--wp--preset--spacing--40)\">\n<figure class=\"wp-block-image size-large\"><img loading=\"lazy\" decoding=\"async\" width=\"819\" height=\"1024\" data-id=\"488\" src=\"https:\/\/xavier-montoy.com\/wp-content\/uploads\/2025\/08\/bouquetlou9-copie-819x1024.jpg\" alt=\"\" class=\"wp-image-488\" srcset=\"https:\/\/xavier-montoy.com\/wp-content\/uploads\/2025\/08\/bouquetlou9-copie-819x1024.jpg 819w, https:\/\/xavier-montoy.com\/wp-content\/uploads\/2025\/08\/bouquetlou9-copie-240x300.jpg 240w, https:\/\/xavier-montoy.com\/wp-content\/uploads\/2025\/08\/bouquetlou9-copie-768x960.jpg 768w, https:\/\/xavier-montoy.com\/wp-content\/uploads\/2025\/08\/bouquetlou9-copie.jpg 1080w\" sizes=\"auto, (max-width: 819px) 100vw, 819px\" \/><\/figure>\n\n\n\n<figure class=\"wp-block-image size-large\"><img loading=\"lazy\" decoding=\"async\" width=\"819\" height=\"1024\" data-id=\"489\" src=\"https:\/\/xavier-montoy.com\/wp-content\/uploads\/2025\/08\/bouquetlou8-819x1024.jpg\" alt=\"\" class=\"wp-image-489\" srcset=\"https:\/\/xavier-montoy.com\/wp-content\/uploads\/2025\/08\/bouquetlou8-819x1024.jpg 819w, https:\/\/xavier-montoy.com\/wp-content\/uploads\/2025\/08\/bouquetlou8-240x300.jpg 240w, https:\/\/xavier-montoy.com\/wp-content\/uploads\/2025\/08\/bouquetlou8-768x960.jpg 768w, https:\/\/xavier-montoy.com\/wp-content\/uploads\/2025\/08\/bouquetlou8.jpg 1080w\" sizes=\"auto, (max-width: 819px) 100vw, 819px\" \/><\/figure>\n\n\n\n<figure class=\"wp-block-image size-large\"><img loading=\"lazy\" decoding=\"async\" width=\"819\" height=\"1024\" data-id=\"490\" src=\"https:\/\/xavier-montoy.com\/wp-content\/uploads\/2025\/08\/bouquetlou7-819x1024.jpg\" alt=\"\" class=\"wp-image-490\" srcset=\"https:\/\/xavier-montoy.com\/wp-content\/uploads\/2025\/08\/bouquetlou7-819x1024.jpg 819w, https:\/\/xavier-montoy.com\/wp-content\/uploads\/2025\/08\/bouquetlou7-240x300.jpg 240w, https:\/\/xavier-montoy.com\/wp-content\/uploads\/2025\/08\/bouquetlou7-768x960.jpg 768w, https:\/\/xavier-montoy.com\/wp-content\/uploads\/2025\/08\/bouquetlou7.jpg 1080w\" sizes=\"auto, (max-width: 819px) 100vw, 819px\" \/><\/figure>\n\n\n\n<figure class=\"wp-block-image size-large\"><img loading=\"lazy\" decoding=\"async\" width=\"819\" height=\"1024\" data-id=\"491\" src=\"https:\/\/xavier-montoy.com\/wp-content\/uploads\/2025\/08\/bouquetlou6-copie-819x1024.jpg\" alt=\"\" class=\"wp-image-491\" srcset=\"https:\/\/xavier-montoy.com\/wp-content\/uploads\/2025\/08\/bouquetlou6-copie-819x1024.jpg 819w, https:\/\/xavier-montoy.com\/wp-content\/uploads\/2025\/08\/bouquetlou6-copie-240x300.jpg 240w, https:\/\/xavier-montoy.com\/wp-content\/uploads\/2025\/08\/bouquetlou6-copie-768x960.jpg 768w, https:\/\/xavier-montoy.com\/wp-content\/uploads\/2025\/08\/bouquetlou6-copie.jpg 1080w\" sizes=\"auto, (max-width: 819px) 100vw, 819px\" \/><\/figure>\n\n\n\n<figure class=\"wp-block-image size-large\"><img loading=\"lazy\" decoding=\"async\" width=\"819\" height=\"1024\" data-id=\"492\" src=\"https:\/\/xavier-montoy.com\/wp-content\/uploads\/2025\/08\/bouquetlou5-819x1024.jpg\" alt=\"\" class=\"wp-image-492\" srcset=\"https:\/\/xavier-montoy.com\/wp-content\/uploads\/2025\/08\/bouquetlou5-819x1024.jpg 819w, https:\/\/xavier-montoy.com\/wp-content\/uploads\/2025\/08\/bouquetlou5-240x300.jpg 240w, https:\/\/xavier-montoy.com\/wp-content\/uploads\/2025\/08\/bouquetlou5-768x960.jpg 768w, https:\/\/xavier-montoy.com\/wp-content\/uploads\/2025\/08\/bouquetlou5.jpg 1080w\" sizes=\"auto, (max-width: 819px) 100vw, 819px\" \/><\/figure>\n\n\n\n<figure class=\"wp-block-image size-large\"><img loading=\"lazy\" decoding=\"async\" width=\"819\" height=\"1024\" data-id=\"493\" src=\"https:\/\/xavier-montoy.com\/wp-content\/uploads\/2025\/08\/bouquetlou4-819x1024.jpg\" alt=\"\" class=\"wp-image-493\" srcset=\"https:\/\/xavier-montoy.com\/wp-content\/uploads\/2025\/08\/bouquetlou4-819x1024.jpg 819w, https:\/\/xavier-montoy.com\/wp-content\/uploads\/2025\/08\/bouquetlou4-240x300.jpg 240w, https:\/\/xavier-montoy.com\/wp-content\/uploads\/2025\/08\/bouquetlou4-768x960.jpg 768w, https:\/\/xavier-montoy.com\/wp-content\/uploads\/2025\/08\/bouquetlou4.jpg 1080w\" sizes=\"auto, (max-width: 819px) 100vw, 819px\" \/><\/figure>\n\n\n\n<figure class=\"wp-block-image size-large\"><img loading=\"lazy\" decoding=\"async\" width=\"819\" height=\"1024\" data-id=\"494\" src=\"https:\/\/xavier-montoy.com\/wp-content\/uploads\/2025\/08\/bouquetlou3-819x1024.jpg\" alt=\"\" class=\"wp-image-494\" srcset=\"https:\/\/xavier-montoy.com\/wp-content\/uploads\/2025\/08\/bouquetlou3-819x1024.jpg 819w, https:\/\/xavier-montoy.com\/wp-content\/uploads\/2025\/08\/bouquetlou3-240x300.jpg 240w, https:\/\/xavier-montoy.com\/wp-content\/uploads\/2025\/08\/bouquetlou3-768x960.jpg 768w, https:\/\/xavier-montoy.com\/wp-content\/uploads\/2025\/08\/bouquetlou3.jpg 1080w\" sizes=\"auto, (max-width: 819px) 100vw, 819px\" \/><\/figure>\n\n\n\n<figure class=\"wp-block-image size-large\"><img loading=\"lazy\" decoding=\"async\" width=\"819\" height=\"1024\" data-id=\"495\" src=\"https:\/\/xavier-montoy.com\/wp-content\/uploads\/2025\/08\/bouquetlou2-copie-819x1024.jpg\" alt=\"\" class=\"wp-image-495\" srcset=\"https:\/\/xavier-montoy.com\/wp-content\/uploads\/2025\/08\/bouquetlou2-copie-819x1024.jpg 819w, https:\/\/xavier-montoy.com\/wp-content\/uploads\/2025\/08\/bouquetlou2-copie-240x300.jpg 240w, https:\/\/xavier-montoy.com\/wp-content\/uploads\/2025\/08\/bouquetlou2-copie-768x960.jpg 768w, https:\/\/xavier-montoy.com\/wp-content\/uploads\/2025\/08\/bouquetlou2-copie.jpg 1080w\" sizes=\"auto, (max-width: 819px) 100vw, 819px\" \/><\/figure>\n\n\n\n<figure class=\"wp-block-image size-large\"><img loading=\"lazy\" decoding=\"async\" width=\"819\" height=\"1024\" data-id=\"496\" src=\"https:\/\/xavier-montoy.com\/wp-content\/uploads\/2025\/08\/bouquetlou1-copie-819x1024.jpg\" alt=\"\" class=\"wp-image-496\" srcset=\"https:\/\/xavier-montoy.com\/wp-content\/uploads\/2025\/08\/bouquetlou1-copie-819x1024.jpg 819w, https:\/\/xavier-montoy.com\/wp-content\/uploads\/2025\/08\/bouquetlou1-copie-240x300.jpg 240w, https:\/\/xavier-montoy.com\/wp-content\/uploads\/2025\/08\/bouquetlou1-copie-768x960.jpg 768w, https:\/\/xavier-montoy.com\/wp-content\/uploads\/2025\/08\/bouquetlou1-copie.jpg 1080w\" sizes=\"auto, (max-width: 819px) 100vw, 819px\" \/><\/figure>\n<\/figure>\n<\/div>\n<\/div>\n<\/div>\n\n\n\n<div class=\"wp-block-group alignfull has-global-padding is-layout-constrained wp-block-group-is-layout-constrained\" style=\"margin-top:0;margin-bottom:0\"><\/div>\n\n\n\n<p><\/p>\n","protected":false},"excerpt":{"rendered":"<p>Kad\u014d Sculptures miniatures inspir\u00e9es de l&#8217;art de l&#8217;Ikebana, compos\u00e9es de bouquets \u00e9ternels, dans des r\u00e9ceptacles de laiton. En extr\u00eame orient, &#8220;la voie des fleurs&#8221; s&#8217;exprime selon un symbolisme pr\u00e9cis traduisant notamment la pr\u00e9sence de l&#8217;humain, de ciel et de la terre, au sein d&#8217;une composition pure. T\u00e9moins du d\u00e9s\u00e9quilibre de ces \u00e9l\u00e9ments, ces bouquets minuscules [&hellip;]<\/p>\n","protected":false},"author":1,"featured_media":0,"parent":0,"menu_order":0,"comment_status":"closed","ping_status":"closed","template":"","meta":{"footnotes":""},"class_list":["post-487","page","type-page","status-publish","hentry"],"jetpack_sharing_enabled":true,"_links":{"self":[{"href":"https:\/\/xavier-montoy.com\/index.php\/wp-json\/wp\/v2\/pages\/487","targetHints":{"allow":["GET"]}}],"collection":[{"href":"https:\/\/xavier-montoy.com\/index.php\/wp-json\/wp\/v2\/pages"}],"about":[{"href":"https:\/\/xavier-montoy.com\/index.php\/wp-json\/wp\/v2\/types\/page"}],"author":[{"embeddable":true,"href":"https:\/\/xavier-montoy.com\/index.php\/wp-json\/wp\/v2\/users\/1"}],"replies":[{"embeddable":true,"href":"https:\/\/xavier-montoy.com\/index.php\/wp-json\/wp\/v2\/comments?post=487"}],"version-history":[{"count":4,"href":"https:\/\/xavier-montoy.com\/index.php\/wp-json\/wp\/v2\/pages\/487\/revisions"}],"predecessor-version":[{"id":501,"href":"https:\/\/xavier-montoy.com\/index.php\/wp-json\/wp\/v2\/pages\/487\/revisions\/501"}],"wp:attachment":[{"href":"https:\/\/xavier-montoy.com\/index.php\/wp-json\/wp\/v2\/media?parent=487"}],"curies":[{"name":"wp","href":"https:\/\/api.w.org\/{rel}","templated":true}]}}