{"id":413,"date":"2025-07-09T15:32:48","date_gmt":"2025-07-09T13:32:48","guid":{"rendered":"https:\/\/xavier-montoy.com\/?page_id=413"},"modified":"2025-08-16T14:28:38","modified_gmt":"2025-08-16T12:28:38","slug":"imago","status":"publish","type":"page","link":"https:\/\/xavier-montoy.com\/index.php\/imago\/","title":{"rendered":"Imago"},"content":{"rendered":"\n<div class=\"wp-block-group alignfull has-background is-vertical is-layout-flex wp-container-core-group-is-layout-fe9cc265 wp-block-group-is-layout-flex\" style=\"background-color:#000000\">\n<div class=\"wp-block-columns alignfull has-background is-layout-flex wp-container-core-columns-is-layout-9c22b1e3 wp-block-columns-is-layout-flex\" style=\"background-color:#000000\">\n<div class=\"wp-block-column has-background is-layout-flow wp-block-column-is-layout-flow\" style=\"background-color:#000000;flex-basis:55%\">\n<figure class=\"wp-block-image size-full\"><img loading=\"lazy\" decoding=\"async\" width=\"900\" height=\"1200\" src=\"https:\/\/xavier-montoy.com\/wp-content\/uploads\/2025\/08\/Xavier-Montoy_IMAGO_vert_web_V2.jpg\" alt=\"\" class=\"wp-image-472\" srcset=\"https:\/\/xavier-montoy.com\/wp-content\/uploads\/2025\/08\/Xavier-Montoy_IMAGO_vert_web_V2.jpg 900w, https:\/\/xavier-montoy.com\/wp-content\/uploads\/2025\/08\/Xavier-Montoy_IMAGO_vert_web_V2-225x300.jpg 225w, https:\/\/xavier-montoy.com\/wp-content\/uploads\/2025\/08\/Xavier-Montoy_IMAGO_vert_web_V2-768x1024.jpg 768w\" sizes=\"auto, (max-width: 900px) 100vw, 900px\" \/><\/figure>\n<\/div>\n\n\n\n<div class=\"wp-block-column is-vertically-aligned-top has-background is-layout-flow wp-block-column-is-layout-flow\" style=\"background-color:#000000;padding-top:var(--wp--preset--spacing--60);padding-right:var(--wp--preset--spacing--60);padding-bottom:var(--wp--preset--spacing--60);padding-left:var(--wp--preset--spacing--60)\">\n<h2 class=\"wp-block-heading has-text-align-center has-xx-large-font-size\">Imago<\/h2>\n\n\n\n<p style=\"text-transform:none\"><em><em><em>Collages num\u00e9riques.<\/em><\/em><\/em><\/p>\n\n\n\n<p class=\"has-medium-font-size\" style=\"padding-top:var(--wp--preset--spacing--20);padding-bottom:var(--wp--preset--spacing--20);text-transform:none\">L&#8217;imago, caract\u00e9rise notamment le stade de d\u00e9veloppement final des insectes. En psychanalyse, l&#8217;imago d\u00e9signe \u00e9galement une repr\u00e9sentation qui se fixe dans l&#8217;inconscient et oriente notre conduite et nos modes d&#8217;appr\u00e9hension d&#8217;autrui.<\/p>\n\n\n\n<p class=\"has-medium-font-size\" style=\"padding-top:var(--wp--preset--spacing--20);padding-bottom:var(--wp--preset--spacing--20);text-transform:none\">Ces photomontages, \u00e0 la crois\u00e9es de ces deux notions forment des silhouettes volontairement par\u00e9idoliques.Le m\u00e9dium num\u00e9rique efface les traces et indices de la construction de l&#8217;image, cr\u00e9ant l&#8217;illusion parfaite d&#8217;une figure originale, per\u00e7ue tant\u00f4t comme naturelle ou mystique, selon l&#8217;\u0153il qui l&#8217;analyse.<br>Le principe m\u00eame d&#8217;un collage digital symbolise, quant \u00e0 lui, la mainmise humaine sur l&#8217;\u00e9volution du vivant.<\/p>\n\n\n\n<p><\/p>\n\n\n\n<p class=\"has-medium-font-size\" style=\"padding-top:var(--wp--preset--spacing--20);padding-bottom:var(--wp--preset--spacing--20);text-transform:none\"><\/p>\n<\/div>\n<\/div>\n\n\n\n<hr class=\"wp-block-separator has-alpha-channel-opacity\"\/>\n\n\n\n<figure class=\"wp-block-gallery alignfull has-nested-images columns-3 is-cropped has-base-background-color has-background wp-block-gallery-1 is-layout-flex wp-block-gallery-is-layout-flex\" style=\"border-style:none;border-width:0px;padding-top:0;padding-right:0;padding-bottom:0;padding-left:0\">\n<figure class=\"wp-block-image size-full\"><img loading=\"lazy\" decoding=\"async\" width=\"900\" height=\"1350\" data-id=\"416\" src=\"https:\/\/xavier-montoy.com\/wp-content\/uploads\/2025\/07\/Imago_8.jpg\" alt=\"\" class=\"wp-image-416\" srcset=\"https:\/\/xavier-montoy.com\/wp-content\/uploads\/2025\/07\/Imago_8.jpg 900w, https:\/\/xavier-montoy.com\/wp-content\/uploads\/2025\/07\/Imago_8-200x300.jpg 200w, https:\/\/xavier-montoy.com\/wp-content\/uploads\/2025\/07\/Imago_8-683x1024.jpg 683w, https:\/\/xavier-montoy.com\/wp-content\/uploads\/2025\/07\/Imago_8-768x1152.jpg 768w\" sizes=\"auto, (max-width: 900px) 100vw, 900px\" \/><\/figure>\n\n\n\n<figure class=\"wp-block-image size-full\"><img loading=\"lazy\" decoding=\"async\" width=\"900\" height=\"1350\" data-id=\"414\" src=\"https:\/\/xavier-montoy.com\/wp-content\/uploads\/2025\/07\/Imago7.jpg\" alt=\"\" class=\"wp-image-414\" srcset=\"https:\/\/xavier-montoy.com\/wp-content\/uploads\/2025\/07\/Imago7.jpg 900w, https:\/\/xavier-montoy.com\/wp-content\/uploads\/2025\/07\/Imago7-200x300.jpg 200w, https:\/\/xavier-montoy.com\/wp-content\/uploads\/2025\/07\/Imago7-683x1024.jpg 683w, https:\/\/xavier-montoy.com\/wp-content\/uploads\/2025\/07\/Imago7-768x1152.jpg 768w\" sizes=\"auto, (max-width: 900px) 100vw, 900px\" \/><\/figure>\n\n\n\n<figure class=\"wp-block-image size-full\"><img loading=\"lazy\" decoding=\"async\" width=\"900\" height=\"1350\" data-id=\"415\" src=\"https:\/\/xavier-montoy.com\/wp-content\/uploads\/2025\/07\/Imago_9.jpg\" alt=\"\" class=\"wp-image-415\" srcset=\"https:\/\/xavier-montoy.com\/wp-content\/uploads\/2025\/07\/Imago_9.jpg 900w, https:\/\/xavier-montoy.com\/wp-content\/uploads\/2025\/07\/Imago_9-200x300.jpg 200w, https:\/\/xavier-montoy.com\/wp-content\/uploads\/2025\/07\/Imago_9-683x1024.jpg 683w, https:\/\/xavier-montoy.com\/wp-content\/uploads\/2025\/07\/Imago_9-768x1152.jpg 768w\" sizes=\"auto, (max-width: 900px) 100vw, 900px\" \/><\/figure>\n\n\n\n<figure class=\"wp-block-image size-full\"><img loading=\"lazy\" decoding=\"async\" width=\"900\" height=\"1200\" data-id=\"417\" src=\"https:\/\/xavier-montoy.com\/wp-content\/uploads\/2025\/07\/Imago_6.jpg\" alt=\"\" class=\"wp-image-417\" srcset=\"https:\/\/xavier-montoy.com\/wp-content\/uploads\/2025\/07\/Imago_6.jpg 900w, https:\/\/xavier-montoy.com\/wp-content\/uploads\/2025\/07\/Imago_6-225x300.jpg 225w, https:\/\/xavier-montoy.com\/wp-content\/uploads\/2025\/07\/Imago_6-768x1024.jpg 768w\" sizes=\"auto, (max-width: 900px) 100vw, 900px\" \/><\/figure>\n\n\n\n<figure class=\"wp-block-image size-full\"><img loading=\"lazy\" decoding=\"async\" width=\"900\" height=\"1350\" data-id=\"418\" src=\"https:\/\/xavier-montoy.com\/wp-content\/uploads\/2025\/07\/Imago_4.jpg\" alt=\"\" class=\"wp-image-418\" srcset=\"https:\/\/xavier-montoy.com\/wp-content\/uploads\/2025\/07\/Imago_4.jpg 900w, https:\/\/xavier-montoy.com\/wp-content\/uploads\/2025\/07\/Imago_4-200x300.jpg 200w, https:\/\/xavier-montoy.com\/wp-content\/uploads\/2025\/07\/Imago_4-683x1024.jpg 683w, https:\/\/xavier-montoy.com\/wp-content\/uploads\/2025\/07\/Imago_4-768x1152.jpg 768w\" sizes=\"auto, (max-width: 900px) 100vw, 900px\" \/><\/figure>\n\n\n\n<figure class=\"wp-block-image size-full\"><img loading=\"lazy\" decoding=\"async\" width=\"900\" height=\"1273\" data-id=\"419\" src=\"https:\/\/xavier-montoy.com\/wp-content\/uploads\/2025\/07\/Imago_2.jpg\" alt=\"\" class=\"wp-image-419\" srcset=\"https:\/\/xavier-montoy.com\/wp-content\/uploads\/2025\/07\/Imago_2.jpg 900w, https:\/\/xavier-montoy.com\/wp-content\/uploads\/2025\/07\/Imago_2-212x300.jpg 212w, https:\/\/xavier-montoy.com\/wp-content\/uploads\/2025\/07\/Imago_2-724x1024.jpg 724w, https:\/\/xavier-montoy.com\/wp-content\/uploads\/2025\/07\/Imago_2-768x1086.jpg 768w\" sizes=\"auto, (max-width: 900px) 100vw, 900px\" \/><\/figure>\n<\/figure>\n<\/div>\n","protected":false},"excerpt":{"rendered":"<p>Imago Collages num\u00e9riques. L&#8217;imago, caract\u00e9rise notamment le stade de d\u00e9veloppement final des insectes. En psychanalyse, l&#8217;imago d\u00e9signe \u00e9galement une repr\u00e9sentation qui se fixe dans l&#8217;inconscient et oriente notre conduite et nos modes d&#8217;appr\u00e9hension d&#8217;autrui. Ces photomontages, \u00e0 la crois\u00e9es de ces deux notions forment des silhouettes volontairement par\u00e9idoliques.Le m\u00e9dium num\u00e9rique efface les traces et indices [&hellip;]<\/p>\n","protected":false},"author":1,"featured_media":0,"parent":0,"menu_order":0,"comment_status":"closed","ping_status":"closed","template":"","meta":{"footnotes":""},"class_list":["post-413","page","type-page","status-publish","hentry"],"jetpack_sharing_enabled":true,"_links":{"self":[{"href":"https:\/\/xavier-montoy.com\/index.php\/wp-json\/wp\/v2\/pages\/413","targetHints":{"allow":["GET"]}}],"collection":[{"href":"https:\/\/xavier-montoy.com\/index.php\/wp-json\/wp\/v2\/pages"}],"about":[{"href":"https:\/\/xavier-montoy.com\/index.php\/wp-json\/wp\/v2\/types\/page"}],"author":[{"embeddable":true,"href":"https:\/\/xavier-montoy.com\/index.php\/wp-json\/wp\/v2\/users\/1"}],"replies":[{"embeddable":true,"href":"https:\/\/xavier-montoy.com\/index.php\/wp-json\/wp\/v2\/comments?post=413"}],"version-history":[{"count":5,"href":"https:\/\/xavier-montoy.com\/index.php\/wp-json\/wp\/v2\/pages\/413\/revisions"}],"predecessor-version":[{"id":504,"href":"https:\/\/xavier-montoy.com\/index.php\/wp-json\/wp\/v2\/pages\/413\/revisions\/504"}],"wp:attachment":[{"href":"https:\/\/xavier-montoy.com\/index.php\/wp-json\/wp\/v2\/media?parent=413"}],"curies":[{"name":"wp","href":"https:\/\/api.w.org\/{rel}","templated":true}]}}